se -o + 6 + 4 = -2*s, 5*s - 25 = 0. Suppose -a - 3*a + o = -v, 25 = 4*v + 5*a. Suppose y - 9 - 5 = v. What are the prime factors of y?
2, 7
Suppose -6*a + 9*a - 102 = 0. List the prime factors of a.
2, 17
Let a = -20 + 30. Suppose 5*i - 12 = -2*s, -5*s = -a*s - 3*i + 30. Suppose 3*g + 9 = s*g. What are the prime factors of g?
3
Let k(w) = w + 8. Let b be k(10). Let u = b - 8. What are the prime factors of u?
2, 5
Suppose -5*g + 51 = -2*p, 0*g - 4*p - 21 = -g. Suppose g*m - 12 = 6*m. What are the prime factors of m?
2
Let k(t) = -3*t + 7. What are the prime factors of k(-11)?
2, 5
Let f = 6 - 1. Suppose t + 130 = f*n, -22 + 152 = 5*n + 4*t. List the prime factors of n.
2, 13
Suppose -5*t - 4*w - 34 = 0, -5*w = t + 10 + 1. List the prime factors of 6/t + (-1 - -13).
11
Let w(b) = -b**2 - 9*b + 3. Suppose 0*n - n = 51. Let i be (-2)/6 - n/(-9). What are the prime factors of w(i)?
3, 7
Suppose -3*w + w - 10 = 0. Let z = 6 + w. List the prime factors of (-1 + -5)*z/(-2).
3
Suppose -5*l = 4*w - 21, -2*w - 4*l = -6 - 6. What are the prime factors of w?
2
Let o be ((-4)/8)/((-2)/28). Let s = 14 - o. Suppose -4*w + h = -s + 2, -3*h = -3*w - 3. What are the prime factors of w?
2
Let t be (-24)/(-36)*21/2. Suppose 3*k = -15, 2*k + 5 + 9 = -g. Let u = g + t. List the prime factors of u.
3
Let r(u) = 6*u**3 - u**2 - 3*u**2 - 5*u**3 - 6*u + 2*u - 3. What are the prime factors of r(6)?
3, 5
Suppose 0 = -11*p + 17*p - 468. List the prime factors of p.
2, 3, 13
Suppose -t - 2*t = -510. Suppose -4*p - p + t = 0. Suppose 0 = 2*c - p - 0. What are the prime factors of c?
17
Suppose 19 = h + 3*q, -3*h + 4*q + 105 = q. List the prime factors of h.
31
Let h be 6 - (4 - 6/3). Let a(b) = b**3 - 2*b**2 - 2*b + 1. What are the prime factors of a(h)?
5
Let b = 0 + 4. List the prime factors of b.
2
Let w(b) = b - 4. Let h be w(9). Suppose -h*q + 76 = 11. What are the prime factors of q?
13
Let c(g) = g**2 + 10*g + 12. Let m be c(-8). What are the prime factors of (-195)/(-12) - (-1)/m?
2
What are the prime factors of 92/16 - 3/(-12)?
2, 3
Let v(u) be the second derivative of -u**5/20 - u**4/6 + u**3/3 - 2*u. List the prime factors of v(-3).
3
List the prime factors of (-3)/12*-5*12.
3, 5
Suppose r = 3*x - 0*r - 6, -x + 2 = -4*r. Suppose 8 = 2*h + 2*a, -x = h - 2*h + a. Suppose o + h*o = 16. What are the prime factors of o?
2
Let d = 27 - -2. What are the prime factors of d?
29
Suppose 2 = s + 11. Let n = 15 - s. What are the prime factors of n?
2, 3
Let k(y) = 55*y**2 + 1. List the prime factors of k(-2).
13, 17
Let j(y) = -y**2 - 8*y - 7. Let q(o) = o**3 - 4*o**2. Let s be q(4). Suppose s = 2*v + 10. List the prime factors of j(v).
2
Let t = 1 + -1. Let k be 0/(0 - -4) - -2. Suppose -k*h - h + 6 = t. What are the prime factors of h?
2
Let y(r) = -r**2 + 7*r - 7. Let s be y(5). Suppose s*c - 6 = -2*n, 0 = -c + 2 - 4. Suppose 3*x - n = -3*o, -x = -5*o + 2*o + 6. List the prime factors of o.
2
Suppose 2*r - 20 = -0*r. Let w = 12 - r. What are the prime factors of w?
2
Suppose -5*j - 4 = -2*z + z, -2*j - 4*z + 16 = 0. Suppose -4*h - 1 + 9 = j. Suppose h = t - 10. List the prime factors of t.
2, 3
Suppose 0 = 2*j + 3*m - 92, 0 = -4*j + m - 5*m + 176. Let t = 69 + -41. Let g = j - t. List the prime factors of g.
2, 3
Let d = 28 + -5. What are the prime factors of d?
23
Let a(r) = -r**3 - 9*r**2 - 4*r + 7. List the prime factors of a(-9).
43
Suppose 0 = -6*i + i - 20. Let y = i - -21. List the prime factors of y.
17
Let w(d) = 5*d**2 - 36*d + 15. What are the prime factors of w(11)?
2, 7
Let v = 1 + 23. Let z be ((-2)/(-4))/(7/70). Suppose -z*f + 2*c + v = 0, 7*c - 2*c - 2 = -3*f. List the prime factors of f.
2
Suppose -7*j + 2*j + 50 = 0. Let o = -8 + 5. Let w = j - o. What are the prime factors of w?
13
Let q = 2 - -1. Suppose -4*k + j = -16, -q*k - j + 3 = -4*j. Suppose 0 = k*f - 2*f - 15. List the prime factors of f.
5
Suppose 3*m - 5*m + 14 = g, -g - 3*m + 19 = 0. Suppose 2*z + 74 = g*a, -4*a + 3*z + z + 72 = 0. List the prime factors of a.
19
Suppose 0 = f + f - 4. Suppose 0*r = f*r + 8. Let w = r + 6. List the prime factors of w.
2
Suppose -2*o + l = -189, 2*o - l - 2*l = 183. Suppose -4*w + 110 = 3*v, 3*v - 6*v + 3*w + o = 0. List the prime factors of v.
2, 17
Let c = -60 - -87. What are the prime factors of c?
3
Suppose 0 = y - 109 - 30. List the prime factors of y.
139
Let b(w) = w**2 + 2*w + 6. List the prime factors of b(-4).
2, 7
Let l = 5 - 2. Let s = 3 - l. Suppose -2*p + s*p = -20. What are the prime factors of p?
2, 5
Let z(r) = -r**2 - 15*r + 18. List the prime factors of z(-15).
2, 3
Suppose 4*z = z + 186. Suppose z - 8 = d. List the prime factors of d.
2, 3
List the prime factors of (1 + -29)/(1 + -3).
2, 7
Suppose 0 = -5*i + 8 + 7. Suppose -x = 4, 5*w - 2*x - 26 = 2. Suppose -3*o + 3*u + 27 = 0, o - 7 + w = i*u. What are the prime factors of o?
2, 3
List the prime factors of (-21 - -15)*(-45)/2.
3, 5
Suppose f = -3*g, -3*f + 4*f = -3. Let q = 17 - g. List the prime factors of q.
2
Suppose 5*x = x + 64. Let t = x + -5. List the prime factors of t.
11
Let p(g) = 21*g + 7. Let y(o) = -7*o - 2. Let l(t) = 2*p(t) + 7*y(t). What are the prime factors of l(-2)?
2, 7
Suppose -5*w + o = -16 - 7, 4*w - 4*o = 12. Suppose 11 = -z - w*b + 45, -3*z + 2*b + 51 = 0. List the prime factors of z.
19
Suppose 7 - 3 = 2*n. Suppose -n*i + 17 = -15. What are the prime factors of i?
2
Let q be 4/(-20) + (-21)/(-5). Suppose 4*u + 2 = -2*s - 2, s + q = 0. Suppose u = p - 2*w - 3, -26 = -3*p - w. What are the prime factors of p?
2
Let p(a) be the third derivative of a**5/60 + a**4/8 + 5*a**3/6 + 2*a**2. Let n be p(-4). List the prime factors of (-6)/n + (-76)/(-6).
2, 3
Let h be (-6)/21 - (-44)/7. Let s(u) = h*u - 2*u - 2*u - u. What are the prime factors of s(7)?
7
Suppose 5*b - 23 = t, 15 = 2*b + b - t. Suppose -b*w + 0 = -52. What are the prime factors of w?
13
Let x = -5 + 9. Suppose 5*g = -2*a + 18, -x*g - 3*a + 23 = 3. What are the prime factors of -4*g*8/(-16)?
2
Let w be (4/2)/((-12)/(-24)). Suppose -4*o + 130 = -0*o + v, w*o - 3*v - 138 = 0. What are the prime factors of o?
3, 11
Let n = -27 - -40. What are the prime factors of n?
13
Suppose b = 2 - 0. Let y be (5/4)/(b/16). Let k = 0 + y. What are the prime factors of k?
2, 5
Let f = 9 - 7. Let o(u) = 25*u + 1. Let x be o(f). Suppose -x = -3*i + 15. List the prime factors of i.
2, 11
Suppose 0 = j - 0*j - 3. Suppose -2*t - j*i = -17, -20 = -2*t - i + 3. What are the prime factors of t?
13
Let q(l) = -l**2 + 3*l + 3. Let j be q(-3). What are the prime factors of 6/(-9)*j/2?
5
Suppose 0 = -5*s - 0*s + 4*r - 59, -3 = -3*r. Let l(y) = y**3 + 10*y**2 - 13*y - 5. What are the prime factors of l(s)?
17
Suppose -u + 27 = l - 3*l, 4*l = -4*u + 48. List the prime factors of u.
17
Let f(n) = 5*n + 43. List the prime factors of f(25).
2, 3, 7
Let z(j) = -j - 5. Let h be z(-10). Suppose 2*x = -h*n - 8 + 114, -2*x + 84 = 4*n. Suppose 3*t - n = t. List the prime factors of t.
11
Suppose 3*m = -2*m - 15. Let u be (-1)/m*9/(-3). List the prime factors of -2 + u/(-1)*12.
2, 5
Let i = 357 - 255. Suppose -3*t - i = -3*u, -1 + 9 = -4*t. What are the prime factors of u?
2
Let t(w) = -w**3 - 4*w**2 - 5*w - 2. Let i be t(-3). Suppose 2*z - 2 = i. List the prime factors of z.
3
Let d be (0 + 3 - 4)*-5. Suppose d*f - 5*y + 1 = -4, -5*y - 5 = 5*f. Let o(p) = 3*p**2 - p - 1. What are the prime factors of o(f)?
3
Suppose 3*c + 2 = 5. Let r be c/(-4) - 94/8. Let w = r - -25. What are the prime factors of w?
13
Suppose 0 = -4*w + 3*u + 182 + 935, 0 = -4*w - 4*u + 1124. Let p be 18/(-15)*w/6. Let h = -36 - p. List the prime factors of h.
2, 5
Suppose 444 = 6*q - 36. List the prime factors of q.
2, 5
What are the prime factors of (-4)/((8/(-68))/1)?
2, 17
Let m = -2 + 6. Suppose -m*x = -69 + 29. List the prime factors of x.
2, 5
Let s = -50 + 90. List the prime factors of s.
2, 5
Suppose 104 = 2*o - 28. List the prime factors of o.
2, 3, 11
Suppose -5*s - 2*m = -98, 8*m - 38 = -s + 3*m. List the prime factors of s.
2, 3
Let r(o) = o + 7 + 0*o + 5*o + 1. List the prime factors of r(5).
2, 19
Suppose -2*p - 105 = -5*b, -54 = -2*b - b + 3*p. What are the prime factors of b?
23
Suppose 3*k - 28 = -5*w + 7, -2*w = 2*k - 18. Suppose -m - 2*c + 7 = -14, w*c 